nd c.
6
Let a(t) = -t**3 - t - 7. Let l(o) = o - 3. Let m be l(3). Let f be a(m). Let x = f + 15. Calculate the greatest common factor of x and 16.
8
Suppose 54*h - 336 - 1446 = 0. What is the greatest common factor of h and 88?
11
Let k be (-10)/(-15)*(-66)/(-4). Let o(y) = y**3 - 10*y**2 + 15*y + 19. Let b be o(8). What is the highest common factor of k and b?
11
Let q = 457 - 431. What is the greatest common divisor of 234 and q?
26
Let k be (-7848)/(-96) - 6/8. Suppose 5*z - k = 19. What is the greatest common factor of 40 and z?
20
Suppose 114 = -4*j + 7*j. Let h = 142 - 85. What is the highest common divisor of h and j?
19
Suppose 5*a = 7*a - 64. Suppose 2*n - 32 = 5*h, n + h = 3*h + 16. What is the highest common factor of a and n?
16
Let g be 6*1 - (-15)/((-50)/(-10)). Calculate the highest common factor of 1125 and g.
9
Suppose -27*z + 45 = -30*z. Let i be 99/15 + ((-36)/z)/(-4). Let g be (20/(-2) - -1)*-1. What is the highest common factor of g and i?
3
Let k(a) = 10*a**2 - 2*a - 4. Let u be k(-1). Let o be (-2)/(-6) - (-10)/6. Calculate the greatest common divisor of o and u.
2
Suppose 16*m - 1721 = 8199. Calculate the highest common factor of m and 60.
20
Suppose 0 = 5*j - 57 + 162. Let i be -1 - (j - -1 - 2). What is the greatest common factor of i and 14?
7
Let h(v) = -1 + 3 - v - 1 + 0. Let z be h(-4). Let b = z - -15. Calculate the highest common divisor of b and 20.
20
Suppose -3*f - f - 288 = 0. Let o be 1*-3 + (0 - 1). Let b be ((-14)/o)/((-2)/f). What is the greatest common factor of b and 18?
18
Suppose -3*s + 5*y = -66 - 34, 0 = 2*s + 5*y - 25. What is the highest common factor of 50 and s?
25
Let r be 6/(-21) + (3030/(-7))/(-3). Let k = r + -93. Calculate the highest common factor of 17 and k.
17
Let p(f) = 13*f**2 + 3*f + 1. Let l be p(-1). What is the highest common divisor of 33 and l?
11
Let q = -75 - -88. Calculate the greatest common factor of q and 234.
13
Suppose -2*f - 66 = -4*i, 12*i - 7*i - 5*f - 85 = 0. Calculate the highest common factor of 216 and i.
8
Suppose -5*t = -5*v - 270, -t = -2*v - 7 - 46. Calculate the highest common divisor of 33 and t.
11
Let d(p) be the second derivative of 5*p**4/3 - p**3/3 + 24*p. Let q be ((-12)/5 - -2)*5. Let s be d(q). What is the greatest common factor of s and 12?
12
Let h(t) = -21*t + 3. Let w be -1 - (-1)/(-3 - -2). Let x be h(w). Let m be (-28)/(-6) + 1/3. Calculate the highest common factor of m and x.
5
Let y(v) = -2*v**3 + 3*v**2 + 3*v + 2. Let m be y(-2). Let s be (1/(-2))/((-2)/m). Let p = 7 + s. What is the highest common divisor of p and 104?
13
Let z(y) = 77*y + 37. Let j be z(1). Calculate the highest common divisor of 627 and j.
57
Let l(g) = 113*g**2 + 4*g - 1. Let j be l(1). Let x be j/2 - 20/(-10). What is the greatest common divisor of 10 and x?
10
Let h(x) = x + 5. Let c be (-2 + 2)/7*2/4. Let r be h(c). What is the highest common divisor of 1 and r?
1
Suppose 11*f - 959 = 2836. What is the greatest common factor of 138 and f?
69
Let v = 176 + 56. Let i = 21 + 8. Calculate the highest common factor of i and v.
29
Let x be (13 - 12)*27 - (-12)/(-2). Calculate the greatest common divisor of x and 21.
21
Suppose 4*d - 315 = -7*o + 4*o, 0 = -o - d + 105. What is the greatest common factor of 135 and o?
15
Let v be (-68)/(8 + -3 + -4). Let i = -46 - v. What is the highest common divisor of 22 and i?
22
Let r = 1602 - 1521. What is the highest common divisor of r and 63?
9
Suppose x + 5*j = -19 - 18, 118 = -2*x + j. Let f = -22 - x. Calculate the highest common divisor of 7 and f.
7
Let c be (-5 + (-24)/(-9)*2)*627. Calculate the highest common factor of 19 and c.
19
Let k(o) = -o - 6. Let t be k(-4). Let g be (-1 - t)*(-57)/(-6)*2. What is the greatest common factor of g and 209?
19
Let c be 294/(-4)*84/(-49). Let m = 17 + 1. Calculate the greatest common factor of c and m.
18
Let z = -253 - -277. Calculate the highest common divisor of z and 312.
24
Let i be 15/(-45) + (-1406)/(-6). What is the greatest common divisor of 130 and i?
26
Let c be 4/(4/63) + (-30)/6. What is the greatest common divisor of c and 348?
58
Let l be 2/(-4) - 33/(-2). Let i = -13 + l. Suppose -3*c + 434 = -5*z, c - i*z + 627 = 5*c. What is the greatest common factor of c and 17?
17
Suppose 5*y = -2*j + 308, 4*y = -j + 5*y + 140. Calculate the greatest common divisor of 1224 and j.
72
Let s(a) = 50*a**2 - 23*a + 4. Let w be s(3). Calculate the highest common divisor of w and 105.
35
Suppose 104 = -2*r - 288. Let o = r + 311. Suppose -z = 3*w + w - 188, -4*w = -5*z - 164. What is the highest common divisor of w and o?
23
Let s = 161 + -251. Let j = 4 - s. Let a = 164 - j. Calculate the greatest common divisor of a and 105.
35
Let m(o) = -2*o - 4. Let a = -14 + -1. Let p be m(a). Calculate the highest common factor of p and 65.
13
Let k(t) = -2*t + 10. Let g be k(8). Let c = g + 9. Suppose -2*v + 17 = 5*y, -3*v + 0*v = -c*y - 15. What is the highest common divisor of v and 4?
2
Suppose 0 = -y - 3*y + 24. Suppose 21 = -g + p - y*p, -g + 5*p = -29. Let v be ((-2)/3)/((-7)/6 - -1). What is the greatest common factor of g and v?
4
Suppose -3*h - 5*q + 341 = -74, -4*h + 2*q + 562 = 0. Calculate the highest common factor of h and 36.
4
Let f(q) = -2*q**3 + 4*q**2 - 5*q - 5. Let s be f(3). Let w = s - -39. What is the highest common factor of w and 13?
1
Let c be (-44)/(-11) + 32/2. Let o be c/(35/10 + -3). Calculate the highest common factor of 10 and o.
10
Let i = 344 - 296. Let w(b) = -4*b. Let p be w(-4). Calculate the greatest common divisor of i and p.
16
Let f be (-1)/(-1 + 2) + -6 + 2. Let t(y) = -15*y + 1. Let n be t(f). Calculate the highest common divisor of n and 19.
19
Suppose 2*g - 9068 = -5*z + g, -1801 = -z + 4*g. What is the greatest common factor of z and 37?
37
Let w be ((-4)/(-2))/(-1) - -42. Suppose -51 = -4*k + 25. Let d = w - k. Calculate the greatest common factor of 7 and d.
7
Suppose -3*w - 57 + 420 = -4*j, w - 2*j = 123. Let s = -77 + w. What is the highest common factor of s and 60?
20
Suppose 0 = 2924*d - 2915*d - 4950. Calculate the greatest common divisor of 50 and d.
50
Let n(b) = 324*b**2 + 2*b. Let f be n(1). Suppose 2*z = i - 3*i + 220, -3*z + f = i. What is the greatest common factor of z and 12?
12
Suppose -18*t + 28*t - 1760 = 0. What is the greatest common factor of t and 22?
22
Suppose -3*h + 27 = 2*g - 44, 3*h - 37 = -g. Suppose -2*c - 3*c = -85. What is the highest common factor of g and c?
17
Let w be (-1)/4*((-224)/4)/7. What is the greatest common factor of w and 5?
1
Suppose 2*l - 8 = 2*x, 2*x + 0*x = 4*l - 18. Suppose l = h + 3. Suppose -n + 15 = h*n. What is the highest common factor of n and 35?
5
Let j = -1 + 3. Suppose j*d + 0*d - 12 = 0. Suppose -5*m + 4 = -1, -3*m + 9 = 2*a. What is the highest common factor of a and d?
3
Let w = 2704 + -1990. What is the highest common factor of 306 and w?
102
Suppose 0 = -2*n + 3*r + 68 - 7, -4*n + 4*r + 128 = 0. Suppose -4*l + 39 - 663 = 0. Let x = l - -401. What is the greatest common divisor of x and n?
35
Let f = -245 - -448. What is the greatest common factor of f and 58?
29
Suppose -o - 79 = 5*h - 440, -3*o + 2*h + 1049 = 0. Suppose 3*x = -40 + 157. Calculate the highest common factor of o and x.
39
Suppose -4*w - 5 - 7 = -4*l, 6 = -4*l - 2*w. Suppose 4*h - 53 - 255 = l. Calculate the highest common factor of h and 7.
7
Suppose 4*f - 21*t = -22*t + 903, -3*f = t - 678. Calculate the greatest common divisor of 60 and f.
15
Let h be (-2025)/(-60)*4/3. What is the highest common divisor of 81 and h?
9
Let j = -345 + 347. What is the highest common factor of 2 and j?
2
Let i = 43 - 21. Let l be (-30)/20*i*-1. Suppose -n = -5*n + 5*c + 508, 0 = -4*c + 16. What is the highest common divisor of l and n?
33
Let s be 2 + 346 + (-9)/3. Suppose -5*u = 4*x - s, 5*u = 3*x + 2*x - 465. What is the greatest common factor of x and 6?
6
Let z(n) = n**2 - 4*n + 19. Let v be z(7). Suppose 0*a + 4*a = -124. Let j = 69 - a. What is the highest common divisor of v and j?
20
Suppose 0 = -4*g - 2*a + 238, -8*g + 4*a + 330 = -3*g. Let x be (2 + g)*(-33)/(-44). Let t be (2 + -6 + 2)*-6. What is the greatest common divisor of t and x?
12
Let t(l) = -9*l + 4. Let x be t(-3). Let g = x + -9. What is the highest common divis